 the greatest common factor of 23808 and 192.
192
What is the greatest common divisor of 165987 and 189?
9
Calculate the greatest common divisor of 41412 and 918.
102
What is the greatest common factor of 351154 and 674?
674
Calculate the greatest common divisor of 821892 and 12.
12
Calculate the greatest common factor of 996 and 396.
12
What is the greatest common divisor of 4760 and 9380?
140
Calculate the highest common divisor of 585 and 3771.
9
What is the greatest common factor of 32802 and 308?
154
Calculate the greatest common divisor of 32878 and 136.
34
What is the greatest common divisor of 22200 and 20868?
444
What is the greatest common factor of 554 and 604414?
554
What is the greatest common factor of 415 and 9010065?
415
What is the greatest common factor of 6278 and 731?
43
What is the greatest common factor of 13351 and 22984?
169
What is the greatest common factor of 1683 and 12716?
187
What is the greatest common factor of 678 and 13692?
6
What is the highest common factor of 6894900 and 18?
18
Calculate the greatest common divisor of 690 and 4023160.
230
Calculate the greatest common divisor of 656460 and 168.
84
What is the highest common factor of 923004 and 36?
36
What is the greatest common factor of 171 and 1419699?
57
What is the greatest common divisor of 70374 and 19337?
317
What is the greatest common factor of 23870 and 1750?
70
What is the highest common divisor of 22516 and 52?
52
Calculate the highest common divisor of 18 and 3874.
2
What is the highest common divisor of 4868832 and 72?
24
What is the highest common divisor of 128 and 22016?
128
Calculate the highest common factor of 1234 and 5631359.
617
What is the greatest common factor of 1824 and 31236?
228
Calculate the greatest common factor of 29410 and 403955.
865
What is the greatest common factor of 2418 and 6603?
93
What is the greatest common divisor of 180 and 2341260?
180
Calculate the highest common divisor of 6830 and 10.
10
What is the highest common divisor of 3045 and 285?
15
What is the highest common factor of 77914 and 956?
478
What is the highest common divisor of 16 and 106148?
4
What is the greatest common divisor of 6563 and 2?
1
What is the greatest common factor of 57 and 254429?
19
What is the greatest common factor of 795321 and 1368?
171
What is the greatest common divisor of 761810 and 14?
14
Calculate the highest common factor of 319 and 3982.
11
What is the greatest common divisor of 60 and 2625?
15
Calculate the highest common divisor of 12360 and 9579.
309
What is the greatest common factor of 228 and 480?
12
Calculate the highest common divisor of 14 and 66514.
14
Calculate the greatest common divisor of 1375994 and 706.
706
Calculate the highest common factor of 15799 and 259.
259
Calculate the highest common divisor of 1139 and 123029.
17
What is the highest common factor of 18405 and 8998?
409
Calculate the highest common factor of 1746 and 342.
18
What is the greatest common divisor of 7597 and 535?
107
What is the highest common factor of 3992840 and 120?
40
Calculate the highest common divisor of 8832 and 39192.
552
What is the highest common divisor of 21352 and 170?
34
Calculate the greatest common divisor of 15 and 105130.
5
Calculate the greatest common factor of 15600 and 2262.
78
What is the highest common divisor of 71092 and 140?
28
Calculate the highest common divisor of 13 and 2230163.
13
What is the highest common factor of 2432 and 3968?
128
Calculate the highest common divisor of 60 and 93615.
15
Calculate the greatest common divisor of 218 and 2147300.
218
What is the greatest common factor of 204 and 28254?
102
Calculate the greatest common divisor of 1463 and 121968.
77
What is the greatest common divisor of 8583574 and 86?
86
Calculate the greatest common divisor of 155490 and 2555.
365
Calculate the highest common factor of 830 and 109394.
166
Calculate the greatest common factor of 440 and 5324.
44
What is the highest common factor of 3128 and 137241?
391
Calculate the greatest common divisor of 546 and 602.
14
Calculate the greatest common divisor of 3542 and 29302.
322
Calculate the greatest common divisor of 2611 and 50355.
373
What is the greatest common factor of 664 and 68?
4
What is the greatest common divisor of 120231 and 3477?
183
What is the greatest common divisor of 60 and 412810?
10
Calculate the greatest common divisor of 2997 and 194250.
111
Calculate the greatest common factor of 75 and 23235.
15
What is the highest common factor of 204336 and 21328?
688
What is the highest common factor of 1746 and 18?
18
What is the highest common divisor of 74339 and 79?
79
Calculate the highest common factor of 439926 and 19.
19
Calculate the highest common factor of 6690717 and 1881.
1881
What is the highest common factor of 109488 and 144?
48
Calculate the highest common factor of 1093029 and 7.
7
What is the highest common factor of 1752765 and 105?
105
Calculate the greatest common factor of 18900 and 1600.
100
Calculate the highest common divisor of 277602 and 234.
78
What is the greatest common factor of 6118 and 112746?
874
Calculate the highest common factor of 48 and 14768.
16
What is the highest common divisor of 794964 and 1674?
186
Calculate the highest common factor of 1390 and 1695.
5
What is the highest common factor of 209825 and 872?
109
Calculate the greatest common divisor of 61416 and 396.
36
Calculate the greatest common divisor of 30 and 510.
30
What is the highest common divisor of 60918 and 3146?
286
Calculate the highest common factor of 86149 and 19964.
217
What is the highest common factor of 1661 and 11869?
11
What is the highest common divisor of 11008 and 36352?
256
Calculate the highest common divisor of 5213946 and 822.
822
Calculate the highest common divisor of 3508870 and 10.
10
What is the greatest common divisor of 225459 and 4277?
611
Calculate the highest common factor of 12 and 46164.
12
What is the highest common divisor of 252 and 462168?
252
Calculate the greatest common factor of 261020 and 930.
310
Calculate the highest common factor of 2214 and 1681.
41
Calculate the greatest common divisor of 288 and 136611.
9
What is the greatest common factor of 90136 and 296?
8
Calculate the greatest common factor of 19503 and 99.
99
What is the highest common divisor of 22 and 65054?
22
What is the highest common divisor of 59 and 415596?
59
What is the greatest common factor of 12727 and 176?
11
What is the highest common divisor of 279251 and 10703?
973
What is the highest common divisor of 228 and 264660?
12
What is the highest common divisor of 26015 and 24442?
121
Calculate the greatest common divisor of 2804420 and 20.
20
Calculate the highest common divisor of 106930 and 4255.
185
What is the highest common factor of 1854 and 3098961?
927
What is the greatest common factor of 9715 and 305?
5
What is the highest common divisor of 347800 and 250?
50
Calculate the highest common factor of 90584 and 507.
169
Calculate the greatest common divisor of 41724 and 69084.
684
What is the greatest common factor of 349623 and 563?
563
Calculate the highest common factor of 11894 and 1634.
38
Calculate the greatest common factor of 18 and 93894.
6
What is the greatest common divisor of 11522 and 1246?
14
Calculate the greatest common divisor of 2386906 and 237.
79
Calculate the greatest common factor of 3924 and 47524.
436
What is the greatest common divisor of 153 and 342261?
153
Calculate the highest common factor of 2125 and 2465.
85
Calculate the greatest common factor of 62959 and 21112.
377
What is the highest common factor of 24 and 28904?
8
What is the highest common factor of 1247 and 2668?
29
Calculate the highest common factor of 4262883 and 591.
591
Calculate the highest common divisor of 6 and 32292.
6
What is the greatest common divisor of 2924 and 41882?
86
What is the highest common factor of 16611 and 5989?
113
Calculate the highest common divisor of 373145 and 370.
185
Calculate the highest common divisor of 4945 and 391085.
215
What is the greatest common divisor of 51727 and 75348?
299
What is the highest common divisor of 8310 and 886954?
554
Calculate the highest common factor of 36 and 3250164.
12
What is the highest common divisor of 60673